.
2, 13, 839, 243479
What are the prime factors of 829788281?
7, 29, 4087627
What are the prime factors of 138528737?
29, 4776853
What are the prime factors of 213071151?
3, 71023717
List the prime factors of 7256242.
2, 7, 419, 1237
What are the prime factors of 206144218?
2, 7, 14724587
What are the prime factors of 300711790?
2, 5, 59, 509681
List the prime factors of 29916140.
2, 5, 109, 13723
What are the prime factors of 273379816?
2, 79, 307, 1409
List the prime factors of 58380154.
2, 7, 37, 43, 2621
List the prime factors of 9337226467.
1069, 8734543
What are the prime factors of 3526606320?
2, 3, 5, 14694193
List the prime factors of 53815143.
3, 17938381
What are the prime factors of 427149491?
23, 97, 191461
What are the prime factors of 48270506?
2, 509, 47417
What are the prime factors of 283296121?
16487, 17183
What are the prime factors of 5781183194?
2, 139, 20795623
List the prime factors of 4127011325.
5, 23, 7177411
What are the prime factors of 3555033770?
2, 5, 151, 461, 5107
List the prime factors of 987399577.
5897, 167441
What are the prime factors of 149448349?
43, 3475543
List the prime factors of 300897454.
2, 11, 13, 23, 149, 307
List the prime factors of 1970627975.
5, 78825119
List the prime factors of 281771008.
2, 275167
List the prime factors of 3508644463.
113, 457, 67943
What are the prime factors of 226252223?
1747, 129509
What are the prime factors of 54479913?
3, 149, 307, 397
What are the prime factors of 629093062?
2, 13, 24195887
What are the prime factors of 491472446?
2, 245736223
List the prime factors of 31549296.
2, 3, 83, 7919
List the prime factors of 1238348794.
2, 4591, 134867
List the prime factors of 97252538.
2, 673, 72253
List the prime factors of 3689824268.
2, 13, 67, 1059077
What are the prime factors of 13892379?
3, 659, 7027
List the prime factors of 28601011.
2801, 10211
What are the prime factors of 1788319577?
11, 19, 83, 103091
List the prime factors of 84291115.
5, 1481, 11383
What are the prime factors of 66035746?
2, 7, 4716839
What are the prime factors of 350885390?
2, 5, 59, 594721
What are the prime factors of 190156104?
2, 3, 19, 229, 607
List the prime factors of 1838427079.
59, 439, 70979
What are the prime factors of 309975581?
1571, 197311
List the prime factors of 216748248.
2, 3, 137, 65921
List the prime factors of 42689547.
3, 4743283
What are the prime factors of 266674078?
2, 11, 1101959
List the prime factors of 21584464.
2, 11, 11149
What are the prime factors of 27839737?
4721, 5897
List the prime factors of 82958501.
131, 633271
List the prime factors of 127870462.
2, 227, 281653
List the prime factors of 1672708527.
3, 7, 571, 46499
List the prime factors of 9261834.
2, 3, 1543639
What are the prime factors of 1560978086?
2, 780489043
List the prime factors of 765281236.
2, 41, 67, 257, 271
List the prime factors of 184589914.
2, 383, 397, 607
List the prime factors of 4321121098.
2, 7, 17, 2357, 7703
What are the prime factors of 269356556?
2, 7, 9619877
List the prime factors of 24919486.
2, 12459743
What are the prime factors of 290989304?
2, 36373663
What are the prime factors of 73155676?
2, 11, 1662629
What are the prime factors of 615273373?
11, 13, 659, 6529
What are the prime factors of 5506646491?
41, 149, 901399
List the prime factors of 342612333.
3, 7, 1289, 4219
List the prime factors of 77438745.
3, 5, 673, 2557
What are the prime factors of 183805496?
2, 7, 17, 193073
List the prime factors of 1884945070.
2, 5, 41, 4597427
What are the prime factors of 3728133939?
3, 1709, 727157
List the prime factors of 68828496.
2, 3, 11, 61, 2137
What are the prime factors of 318521238?
2, 3, 7, 107, 70877
What are the prime factors of 59597660?
2, 5, 1109, 2687
List the prime factors of 2094597291.
3, 59, 661, 17903
List the prime factors of 251122291.
7, 35874613
What are the prime factors of 85444882?
2, 109, 167, 2347
What are the prime factors of 452031310?
2, 5, 45203131
List the prime factors of 28510268.
2, 7127567
What are the prime factors of 125289339?
3, 7, 79, 75521
What are the prime factors of 7201360370?
2, 5, 211, 1129, 3023
List the prime factors of 5140643660.
2, 5, 1657, 155119
What are the prime factors of 730403524?
2, 31, 113, 52127
What are the prime factors of 20394440?
2, 5, 11, 46351
What are the prime factors of 4356711503?
2953, 1475351
What are the prime factors of 6095637576?
2, 3, 7, 1697, 7127
List the prime factors of 39175558.
2, 19587779
What are the prime factors of 12829567?
31, 163, 2539
What are the prime factors of 1643124221?
193, 8513597
List the prime factors of 832677.
3, 17, 29, 563
What are the prime factors of 515863?
167, 3089
List the prime factors of 18033214.
2, 9016607
What are the prime factors of 297689062?
2, 11, 373, 36277
What are the prime factors of 767019684?
2, 3, 63918307
What are the prime factors of 5044732920?
2, 3, 5, 31, 53, 2843
What are the prime factors of 156740591?
7, 22391513
What are the prime factors of 279520527?
3, 11, 13, 59233
List the prime factors of 2408340.
2, 3, 5, 11, 41, 89
List the prime factors of 300732781.
37, 1801, 4513
What are the prime factors of 78868861?
293, 269177
What are the prime factors of 444476818?
2, 41, 5420449
What are the prime factors of 4031996458?
2, 7, 41142821
What are the prime factors of 162725431?
11, 3089, 4789
List the prime factors of 138162863.
23, 79, 76039
List the prime factors of 143875183.
691, 208213
What are the prime factors of 1156442718?
2, 3, 3167, 60859
What are the prime factors of 205572747?
3, 137, 500177
List the prime factors of 218968544.
2, 71, 96377
What are the prime factors of 335055802?
2, 167527901
What are the prime factors of 20276413?
269, 75377
List the prime factors of 463234667.
7, 66176381
List the prime factors of 141479267.
1783, 79349
What are the prime factors of 1784984903?
13, 137306531
List the prime factors of 7012729.
19, 47, 7853
What are the prime factors of 2441936206?
2, 33629, 36307
What are the prime factors of 1261377929?
7, 433, 416159
What are the prime factors of 71385235?
5, 14277047
What are the prime factors of 305753393?
11, 109, 255007
What are the prime factors of 232530843?
3, 103, 752527
What are the prime factors of 32931046?
2, 139, 118457
List the prime factors of 1584116763.
3, 17, 31061113
List the prime factors of 440909550.
2, 3, 5, 107, 9157
List the prime factors of 3260269890.
2, 3, 5, 43, 842447
What are the prime factors of 3916496670?
2, 3, 5, 130549889
List the prime factors of 1663411782.
2, 3, 277235297
What are the prime factors of 1304716562?
2, 367, 1777543
What are the prime factors of 3526187566?
2, 11, 17, 31, 43, 643
List the prime factors of 502618647.
3, 19, 8817871
What are the prime factors of 218749217?
17, 37, 347773
What are the prime factors of 134009852?
2, 379, 88397
What are the prime factors of 516737498?
2, 13249, 19501
List the prime factors of 8927730376.
2, 59, 163, 116041
What are the prime factors of 127621595?
5, 23, 853, 1301
What are the prime factors of 305618776?
2, 53, 503, 1433
What are the prime factors of 1224514129?
97, 12623857
List the prime factors of 978444636.
2, 3, 13, 61, 229, 449
What are the prime factors of 2198811978?
2, 3, 11, 61, 307, 593
What are the prime factors of 1144498617?
3, 139, 914867
What are the prime factors of 97241320?
2, 5, 11, 61, 3623
List the prime factors of 17407350.
2, 3, 5, 101, 383
What are the prime factors of 1047555072?
2, 3, 37889
List the prime factors of 2599903543.
1223, 2125841
List the prime factors of 146548921.
146548921
What are the prime factors of 274480387?
274480387
What are the prime factors of 188375507?
307, 379, 1619
List the prime factors of 457359311.
457359311
What are the prime factors of 21623468?
2, 5405867
List the prime factors of 28377367.
3307, 8581
List the prime factors of 83629828.
2, 20907457
List the prime factors of 132519012.
2, 3, 17, 421, 1543
What are the prime factors of 1555312116?
2, 3, 17, 193, 39503
What are the prime factors of 784138249?
784138249
What are the prime factors of 249479929?
15241, 16369
List the prime factors of 7240904.
2, 11, 107, 769
List the prime factors of 373916025.
3, 5, 7, 199, 1193
What are the prime factors of 236277?